{"id":18,"date":"2015-12-01T05:55:05","date_gmt":"2015-12-01T05:55:05","guid":{"rendered":"http:\/\/localhost\/laboratoriooswaldocruz.com.br\/site\/?page_id=18"},"modified":"2015-12-23T17:12:40","modified_gmt":"2015-12-23T17:12:40","slug":"atuacao","status":"publish","type":"page","link":"https:\/\/oswaldocruz.net\/site\/atuacao\/","title":{"rendered":"Atua\u00e7\u00e3o"},"content":{"rendered":"<p>O Laborat\u00f3rio Oswaldo Cruz realiza diversos Exames laboratoriais como:<\/p>\n<p>\u2022 Exames de sangue<br \/>\n\u2022 Fezes<br \/>\n\u2022 Urina<br \/>\n\u2022 Preventivo<br \/>\n\u2022 Histopatol\u00f3gico<br \/>\n\u2022 An\u00e1lise de DNA<br \/>\n\u2022 An\u00e1lise da \u00e1gua e outras secre\u00e7\u00f5es.<\/p>\n<p>Para garantir a qualidade t\u00e9cnica dos exames, as an\u00e1lises das amostras s\u00e3o realizadas por profissionais totalmente qualificados (t\u00e9cnicos e bi\u00f3logos).<\/p>\n<p>Todos os tubos e amostras biol\u00f3gicas possuem etiqueta com c\u00f3digo de barras, garantindo a rastreabilidade e seguran\u00e7a da identifica\u00e7\u00e3o das amostras. Os equipamentos atuam em rede e possuem interface.<\/p>\n","protected":false},"excerpt":{"rendered":"<p>O Laborat\u00f3rio Oswaldo Cruz realiza diversos Exames laboratoriais como: \u2022 Exames de sangue \u2022 Fezes \u2022 Urina \u2022 Preventivo \u2022 Histopatol\u00f3gico \u2022 An\u00e1lise de DNA \u2022 An\u00e1lise da \u00e1gua e outras secre\u00e7\u00f5es. Para garantir a qualidade t\u00e9cnica dos exames, as <a class=\"more-link\" href=\"https:\/\/oswaldocruz.net\/site\/atuacao\/\">Leia mais &#8230;<\/a><\/p>\n","protected":false},"author":1,"featured_media":0,"parent":0,"menu_order":2,"comment_status":"closed","ping_status":"closed","template":"","meta":{"footnotes":""},"class_list":["post-18","page","type-page","status-publish","hentry"],"_links":{"self":[{"href":"https:\/\/oswaldocruz.net\/site\/wp-json\/wp\/v2\/pages\/18","targetHints":{"allow":["GET"]}}],"collection":[{"href":"https:\/\/oswaldocruz.net\/site\/wp-json\/wp\/v2\/pages"}],"about":[{"href":"https:\/\/oswaldocruz.net\/site\/wp-json\/wp\/v2\/types\/page"}],"author":[{"embeddable":true,"href":"https:\/\/oswaldocruz.net\/site\/wp-json\/wp\/v2\/users\/1"}],"replies":[{"embeddable":true,"href":"https:\/\/oswaldocruz.net\/site\/wp-json\/wp\/v2\/comments?post=18"}],"version-history":[{"count":5,"href":"https:\/\/oswaldocruz.net\/site\/wp-json\/wp\/v2\/pages\/18\/revisions"}],"predecessor-version":[{"id":112,"href":"https:\/\/oswaldocruz.net\/site\/wp-json\/wp\/v2\/pages\/18\/revisions\/112"}],"wp:attachment":[{"href":"https:\/\/oswaldocruz.net\/site\/wp-json\/wp\/v2\/media?parent=18"}],"curies":[{"name":"wp","href":"https:\/\/api.w.org\/{rel}","templated":true}]}}